b(1). Let q(l) = l**2 + 10*l - 12. Let i be q(-11). List the prime factors of 196/16 + i/r.
2, 3
Suppose -148 = -2*y - 12. What are the prime factors of y?
2, 17
Let f be (0 - 1 - -4) + 2. Suppose -17 = -f*i + 53. What are the prime factors of i?
2, 7
Suppose 8*w - 197 = 259. List the prime factors of w.
3, 19
Suppose 5*y - 5*k = 215, 0*k - 37 = -y + 4*k. What are the prime factors of y?
3, 5
Let p be 1/3 + (-536)/(-12). Let n = -1 + 4. Suppose 0 = n*d + 5*i + 1, 0*d - 5*d + p = -i. What are the prime factors of d?
2
Suppose -4*t + 5*t = 3*b, -t - 4*b = 0. Suppose t = 4*w + w - 25. What are the prime factors of w?
5
Let w = -49 + 144. Suppose -1 = x + t - 34, 3*x = t + w. Suppose 3*h = 2*p - x, 0*p = 5*p - 2*h - 58. List the prime factors of p.
2, 5
Suppose 22 = f - 158. List the prime factors of f.
2, 3, 5
Suppose 2*k = x + x + 42, 2*k - 42 = -5*x. What are the prime factors of k?
3, 7
Let n(d) = -5*d**3 - 2*d**2 + 1. What are the prime factors of n(-2)?
3, 11
Suppose -5*b - 3 = 2, -5 = 2*f - 3*b. Let s = 6 + f. What are the prime factors of s/(1 - 0) - -6?
2
Let a be ((-10)/4)/((-4)/8). Suppose 0 = 3*r - 4*r - a*g + 6, r + g - 14 = 0. List the prime factors of r.
2
Let y be (0 + 1)*(-1 + 3). Let t = y - 9. Let o = -4 - t. List the prime factors of o.
3
Let d be 159/7 + 6/21. Let o be d/4 - 1/(-4). Suppose 2*m = o*m - 16. What are the prime factors of m?
2
Suppose 3*r - 42 = h + h, 5*r + 4*h = 48. List the prime factors of 4/r - (-82)/6.
2, 7
Suppose 9 + 37 = 2*t. List the prime factors of t.
23
Suppose 3*c - 151 = -u, 2*c + 414 = 3*u - 2*c. What are the prime factors of u?
2, 71
Suppose -7*l + 919 = 93. List the prime factors of l.
2, 59
Let t be 1/3*-2*-39. List the prime factors of (t/(-8))/((-3)/12).
13
Let y = 1 - -30. List the prime factors of y.
31
Suppose -3*x + 107 + 16 = 0. What are the prime factors of x?
41
Let s = 56 + -24. What are the prime factors of s?
2
Suppose -3*o + 4*u + 835 = 0, u = -3*o + 117 + 713. List the prime factors of o.
277
Suppose 0*s - 4 = -2*s. Let v be (-6)/(s - (-10)/(-8)). Let k = v + 13. List the prime factors of k.
5
Suppose -1980 = -6*f - 150. List the prime factors of f.
5, 61
Let a = 31 - 65. Let k be a/(-8) - (-6)/8. Suppose -k*n - 15 = -10*n. List the prime factors of n.
3
Suppose -3*s - 2*y - 53 = -3*y, 5*y = 4*s + 67. List the prime factors of 2 - 6/2 - s.
17
Suppose l + c + 1 - 19 = 0, -2*l - c = -34. Suppose -3*y + 53 = d, -2*d + 72 + l = 5*y. What are the prime factors of y?
2, 3
Let v(n) = n**3 + 2*n**2 + 4*n - 1. What are the prime factors of v(4)?
3, 37
Suppose -v + 5 = 3. Suppose -4*t + 16 = -v*t. List the prime factors of t.
2
Suppose 247 = -3*w + x, 3*w + 2*x - 5*x = -255. List the prime factors of (2/3)/((-2)/w).
3
Let v(t) = -t**2 - t + 2. Let i be v(0). Suppose i*w - a + 2 = 10, -12 = -3*w + 2*a. Let y = w + 6. What are the prime factors of y?
2, 5
Suppose 4*a = 5*a - 13. List the prime factors of a.
13
Let j(k) = -k**3 + 6*k**2 - k. Let s be j(6). Let m be (-1 - 3/2)*s. Suppose 3*r - 3 - m = 0. What are the prime factors of r?
2, 3
Suppose -120 = 7*s - 12*s. List the prime factors of s.
2, 3
Let i be (-292)/7 - 4/14. Suppose 2*r = 4*r + 18. What are the prime factors of 3*(i/r + 0)?
2, 7
Suppose -1 = 3*s - 433. What are the prime factors of s?
2, 3
Suppose -3*m - 4*w + 592 + 138 = 0, 0 = -4*m - w + 982. Suppose 2*f + m = 8*f. What are the prime factors of f?
41
Let a(n) = -2*n - 4. Let o be 0 + 2*-2 - 0. List the prime factors of a(o).
2
Let f = -1 + 0. Let p(b) = 5*b**2 - 2*b - 1. What are the prime factors of p(f)?
2, 3
Let t = -67 - -99. What are the prime factors of t?
2
Suppose 14*v - 2560 = 6*v. List the prime factors of v.
2, 5
Let b be 4/14 + 110/7. Let t = -11 - -20. Let n = b - t. What are the prime factors of n?
7
Let f = 6 + 0. List the prime factors of 16*(f/4 + -1).
2
List the prime factors of (18/(-2))/(6/(-4)).
2, 3
Let u be (0/5)/(2/1). Let x(w) = -w + u*w + 4*w + w**2 + 4*w - 7. List the prime factors of x(-9).
11
Suppose 3*l + q - 7 = -2*l, 0 = l - 2*q + 3. Let d = 4 - l. Suppose -g + 13 = 4*a, 4*a + d*g + 3 = 10. List the prime factors of a.
2
Let a(d) = 2*d**2 + d + 1. Let w be a(-1). Suppose -16 = 2*j - z, w*j - 5*z + 18 + 6 = 0. What are the prime factors of (-272)/(-28) + (-2)/j?
2, 5
Let p = 30 - 12. Let l = p + -10. List the prime factors of l.
2
Let i(m) = -m**3 + 3*m**2 - m. Let t = -5 + 10. Suppose 2*d + 2 = y - 3*d, -t*y + 10 = -d. What are the prime factors of i(y)?
2
Suppose 0*g - 60 = -3*g. What are the prime factors of g?
2, 5
Let v(q) = 8*q**2 - 4*q - 5. List the prime factors of v(-4).
139
Let f be (0 + 2/(-2))*-2. Let s = f - -9. List the prime factors of s.
11
Let h be 1 - (-15)/(4 - 7). What are the prime factors of 15/(-20) + (-175)/h?
43
Suppose 5*r - 204 = r. Suppose c - 4*c = -r. List the prime factors of c.
17
Let s = 15 - 9. Suppose 3*k - s = k. List the prime factors of k.
3
Let t(z) = z**3 - 2*z**2 - 5*z - 2. Let c be t(-3). Let v = 47 + c. What are the prime factors of v?
3, 5
Let l(i) = 2*i + 2*i**2 - 13 - i**2 + 49 - 3*i. Let b be l(0). Suppose -4*y - b + 2 = -2*q, -4*q - 2*y = -28. List the prime factors of q.
3
Suppose 4*o + 3*n = 11, 2*o + n = 3*o - 8. List the prime factors of (42/10)/(1/o).
3, 7
Suppose 2*p + 0 = 8. Let r be p/(-8)*(-23 + 1). Suppose i = x - r - 0, 4*i = -5*x + 46. What are the prime factors of x?
2, 5
Let f be (2/(-4))/((-2)/72). List the prime factors of (-80)/6*f/(-15).
2
Let c = 5 - 7. Let w be (-4)/24 - c/12. Suppose w*h = -2*h + 4. What are the prime factors of h?
2
Suppose -3*j + 1 + 4 = -2*y, 0 = -5*y - 3*j + 19. Suppose 0 = g - 5, -2*r + g = y*r - 75. Suppose r = 4*h - 2*h. What are the prime factors of h?
2, 5
Let v(u) = u**3 - 5*u**2 - 6*u - 6. Let d be v(6). Suppose -b = 2 - 6, -k + 4*b = -2. Let h = d + k. List the prime factors of h.
2, 3
Suppose 4*y = -4*i + 36, -i - 1 = 3*y - 5*i. Suppose -3*f = -3*r + y*r - 28, 3*r = -f. What are the prime factors of f?
2, 3
Suppose 3*r = 15, -5*j - r = -2*j - 14. List the prime factors of j.
3
Let i(m) = 4 + 9*m - m**2 + 0 + 2*m**2 + 2. What are the prime factors of i(-10)?
2
Suppose -5*l + 15 = 5*f, -l = 5*f - 3*l - 8. Suppose 0 = -5*j - g + 80, -11 = -f*j + g + 21. List the prime factors of j.
2
Suppose s = 5*s - 12. Let r be ((-1)/2)/(s/(-6)). What are the prime factors of -2*r/4*-4?
2
Let q(a) = 0 + 2 + 1 - 2*a. Let t be q(-4). Suppose -t + 3 = -l. What are the prime factors of l?
2
Let w be (-12)/9 + (-2)/(-6). List the prime factors of -3 - -16 - (-2 + w).
2
Let r(t) = 2*t - 1. Suppose -g - z = 3*z - 10, 2*g - 10 = -3*z. Let f be r(g). What are the prime factors of (f - 5) + 10/1?
2
Suppose -i - 4*r + 221 = 0, -3*i + 0*i = 4*r - 695. What are the prime factors of i?
3, 79
Let k(z) = 12*z**2 - 2*z + 1. Suppose 18 = -4*m - 2, 2*m = 2*v + 50. Let r be (-12)/v - (-3)/5. List the prime factors of k(r).
11
Let r(z) = 27*z**2 - 1. Let h(v) = 3*v - 2. Let d be h(1). What are the prime factors of r(d)?
2, 13
Let l(y) = -y**3 + 2*y**2 + y + 1. Let g be (-3)/(6/4) + 4. Let s be l(g). Suppose -4*r = -s*r - 3. List the prime factors of r.
3
Suppose -m + 5*v + 12 + 12 = 0, 2*m + 2*v + 12 = 0. Let d be (8 + (-1 - -2))/m. Let i = -4 - d. What are the prime factors of i?
5
Let t be 2/(1 + -2 + -1). What are the prime factors of (60/42)/(t/(-7))?
2, 5
Let l be 2*(-1 + 0) - -5. Suppose 6*n - l*n = -4*j + 3, -3*j = -n + 14. Suppose -4 = 3*y + x - 15, 25 = n*y + 3*x. What are the prime factors of y?
2
Let r(o) = -o**3 - 2*o**2 - 4*o - 3. Let k be (16/(-20))/((-4)/(-10)). Let y be r(k). Suppose 2*d + 24 = y*d. What are the prime factors of d?
2
Suppose -15 = -c - 4*c. Suppose 6*x - 75 = c*x. Let l = -13 + x. List the prime factors of l.
2, 3
Let v = 62 + -34. Let x = v + -19. What are the prime factors of x?
3
Suppose -4*c + 790 = 5*u, 4*c + 2*u = c + 589. List the prime factors of c.
3, 5, 13
Let s = -11 + 6. Let n = 11 - s. What are the prime factors of n?
2
Let w be 508/20 + 3/5. List the prime factors of (0 + -2)/((-4)/w).
13
Suppose 0*k + 56 = k. Suppose -6*r = -2*r - k. List the prime factors of r.
2, 7
Let h = 0 + -5. Let f(n) = -n**2 + n + 7. Let z be f(0). Let j = h + z. What are the prime factors of j?
2
Let t(a) = a + 1. List the prime factors of t(4).
5
Let t(l)